n divisor of 60 and 332724?
12
Calculate the highest common divisor of 10701 and 261.
261
Calculate the highest common divisor of 72 and 6318.
18
What is the greatest common factor of 25368 and 264?
24
What is the greatest common divisor of 430 and 141599?
43
What is the highest common factor of 10059 and 105?
21
What is the highest common factor of 87 and 155179?
29
Calculate the greatest common factor of 78 and 77961.
39
What is the greatest common divisor of 16 and 234032?
16
Calculate the greatest common divisor of 9048 and 126360.
312
What is the greatest common factor of 18 and 242118?
18
What is the greatest common factor of 1666 and 60452?
238
Calculate the highest common divisor of 122903 and 88.
11
What is the highest common factor of 210 and 347690?
70
What is the greatest common divisor of 338750 and 47696?
542
What is the highest common factor of 14 and 414862?
14
What is the highest common factor of 454230 and 140?
70
What is the highest common divisor of 94721 and 39567?
1199
Calculate the highest common factor of 149981 and 1.
1
Calculate the greatest common divisor of 995391 and 513.
171
Calculate the highest common factor of 60 and 1701690.
30
What is the greatest common divisor of 24991 and 111527?
373
What is the greatest common factor of 16936 and 5548?
292
Calculate the highest common factor of 46 and 71254.
46
What is the greatest common factor of 140 and 21245?
35
What is the highest common factor of 1408 and 1238336?
704
Calculate the highest common factor of 38147 and 333.
37
What is the highest common factor of 57980 and 520?
260
Calculate the greatest common divisor of 165 and 109505.
55
Calculate the highest common divisor of 9452 and 1807.
139
Calculate the greatest common divisor of 139 and 104.
1
Calculate the highest common divisor of 836 and 172436.
44
Calculate the highest common divisor of 810 and 12.
6
What is the highest common divisor of 9991 and 309?
103
What is the greatest common factor of 61 and 204960?
61
Calculate the greatest common factor of 13427 and 72691.
463
Calculate the highest common factor of 3 and 2019.
3
What is the highest common divisor of 160 and 22771520?
160
What is the highest common divisor of 22722 and 462?
42
What is the greatest common factor of 3064 and 104?
8
Calculate the highest common divisor of 4006515 and 47.
47
What is the highest common divisor of 544 and 18?
2
Calculate the highest common divisor of 798 and 9008622.
798
Calculate the greatest common factor of 16 and 27374.
2
What is the greatest common divisor of 296 and 103560?
8
Calculate the greatest common divisor of 229968 and 144.
144
What is the greatest common factor of 452 and 315157?
113
Calculate the highest common factor of 16345 and 4305.
35
What is the greatest common divisor of 10764 and 14040?
468
Calculate the highest common divisor of 3536 and 4199.
221
What is the greatest common factor of 77 and 471520?
7
Calculate the greatest common factor of 684054 and 126.
126
Calculate the highest common factor of 325 and 175.
25
Calculate the highest common factor of 165275 and 165.
55
Calculate the highest common divisor of 15285 and 37703.
1019
Calculate the greatest common factor of 18 and 20176938.
18
Calculate the greatest common factor of 1576442 and 28.
14
What is the greatest common factor of 275821 and 13?
13
What is the highest common factor of 38 and 365902?
38
Calculate the greatest common divisor of 2 and 88378.
2
Calculate the greatest common divisor of 629 and 17.
17
What is the highest common divisor of 17130 and 480?
30
Calculate the highest common divisor of 3297 and 48489.
21
Calculate the greatest common divisor of 190 and 4499675.
95
Calculate the highest common factor of 202 and 279366.
202
Calculate the greatest common factor of 10592 and 496.
16
What is the highest common divisor of 190 and 8930?
190
What is the highest common divisor of 14 and 1062887?
7
What is the highest common divisor of 888 and 13431?
111
What is the greatest common divisor of 23426 and 26129?
901
Calculate the greatest common divisor of 10537 and 328.
41
What is the greatest common divisor of 5586 and 1470?
294
What is the greatest common factor of 70707 and 1110?
111
Calculate the highest common divisor of 107592 and 8.
8
Calculate the greatest common factor of 174 and 24114.
6
Calculate the highest common factor of 19329 and 62535.
1137
What is the highest common factor of 6 and 329019?
3
What is the greatest common factor of 3862653 and 3?
3
What is the greatest common divisor of 992 and 24118?
62
Calculate the highest common factor of 111 and 936.
3
What is the greatest common divisor of 232 and 204827?
29
What is the highest common divisor of 170233 and 21?
7
Calculate the highest common factor of 3032 and 136.
8
Calculate the greatest common factor of 1842 and 2137334.
614
What is the highest common divisor of 278 and 31414?
278
Calculate the highest common factor of 651 and 21231.
21
Calculate the greatest common factor of 204435 and 5544.
693
Calculate the highest common divisor of 112 and 340736.
16
What is the highest common divisor of 40548 and 2180?
436
What is the highest common factor of 23171 and 33524?
493
Calculate the highest common factor of 40 and 500400.
40
Calculate the greatest common factor of 2364972 and 136.
68
What is the greatest common factor of 227106 and 74?
74
Calculate the greatest common factor of 3472 and 3920.
112
Calculate the highest common divisor of 437658 and 543.
543
Calculate the greatest common factor of 1793100 and 215.
215
What is the greatest common factor of 12 and 1112196?
12
Calculate the greatest common factor of 30 and 21765.
15
Calculate the greatest common divisor of 317464 and 14.
14
Calculate the highest common divisor of 140 and 224665.
35
What is the highest common factor of 9072 and 486?
162
What is the highest common divisor of 425712 and 2226?
42
What is the highest common divisor of 22459 and 259?
37
What is the greatest common divisor of 5690 and 25530?
10
What is the highest common factor of 28911 and 483?
69
What is the highest common factor of 873 and 1758319?
97
What is the greatest common factor of 15248 and 2448?
16
What is the greatest common factor of 21 and 28042?
7
Calculate the highest common factor of 1666 and 4760.
238
Calculate the greatest common divisor of 21216 and 9231.
51
Calculate the highest common divisor of 5129 and 43262.
223
What is the greatest common factor of 583 and 8877?
11
Calculate the highest common divisor of 357426 and 702.
54
What is the greatest common divisor of 119830 and 27830?
230
What is the highest common factor of 715024 and 116?
116
Calculate the highest common factor of 17608 and 71.
71
What is the highest common divisor of 222 and 995559?
111
Calculate the greatest common factor of 46226 and 290.
58
Calculate the greatest common divisor of 40 and 12610.
10
What is the greatest common factor of 372 and 2442831?
93
What is the highest common divisor of 4334 and 2024?
22
What is the greatest common factor of 503922 and 6?
6
What is the highest common divisor of 85170 and 5355?
255
What is the highest common divisor of 22726 and 2332?
22
What is the highest common divisor of 70 and 205828?
14
Calculate the greatest common factor of 3515 and 2.
1
Calculate the highest common divisor of 11310 and 3210.
30
Calculate the greatest common factor of 2256136 and 38.
38
What is the highest common factor of 84 and 192332?
28
Calculate the greatest common divisor of 20 and 1480250.
10
What is the greatest common divisor of 5807408 and 46?
46
What is the highest common factor of 1812 and 12?
12
What is the greatest common divisor of 291150 and 200?
50
What is the greatest common divisor of 7689 and 7623?
33
Calculate the greatest common factor of 13072 and 592.
16
Calculate the highest common divisor of 68 and 32948.
4
Calculate the highest common divisor of 148250 and 500.
250
What is the highest common divisor of 578223 and 82?
41
What is the greatest common factor of 1258566 and 799?
47
What is the greatest common divisor of 54 and 59814?
18
What is the greatest common factor of 11225 and 325?
25
Calculate the greatest common divisor of 432 and 368253.
27
What is the greatest common factor of 27 and 56403?
27
Wh